ase 5, what is 10413013302 + 31?
10413013333
In base 5, what is 20202 + -1020102?
-444400
In base 9, what is 4567864 + -4?
4567860
In base 8, what is -34364534 + 1?
-34364533
In base 9, what is -20 + 555658?
555638
In base 16, what is 217d - -2b7?
2434
In base 13, what is 3 - 42a6745c?
-42a67459
In base 14, what is -16915 - 47?
-1695c
In base 5, what is -4043112424 - 41?
-4043113020
In base 7, what is 150345 - -33?
150411
In base 16, what is d8 - 66?
72
In base 13, what is -92633 - -b6?
-9254a
In base 16, what is 56a153 - -6?
56a159
In base 11, what is 7686aa90 + -2?
7686aa89
In base 3, what is 210200120111221 + -10?
210200120111211
In base 11, what is -15a1348 - 5?
-15a1352
In base 11, what is 73 - 52599?
-52526
In base 11, what is 2 - 1040770?
-1040769
In base 8, what is -3 + 126020456?
126020453
In base 7, what is 50546620 + -2?
50546615
In base 6, what is -42 - -103145454?
103145412
In base 14, what is 346745a - -a?
3467466
In base 4, what is -111 + 10203131?
10203020
In base 2, what is 1 + 10110100101110111000011?
10110100101110111000100
In base 3, what is -2211 + 1001000022210?
1001000012222
In base 13, what is -5 + -1a8cc7?
-1a8ccc
In base 2, what is -10001100000000010110010110 + 10?
-10001100000000010110010100
In base 2, what is -11110100011100100 - 11011101?
-11110100111000001
In base 6, what is 2540 - -232150?
235130
In base 5, what is -144213131 - 233?
-144213414
In base 11, what is 804 + 8570?
9274
In base 12, what is -66024910 - 2?
-66024912
In base 15, what is e + 28586?
28595
In base 14, what is -488bb7 + -d?
-488bc6
In base 5, what is 33 + -3340043000?
-3340042412
In base 5, what is 2 + -131442320244?
-131442320242
In base 2, what is -10 + 101011000101001000001?
101011000101000111111
In base 10, what is 4 + -67090523?
-67090519
In base 6, what is -1542312 - 2235?
-1544551
In base 14, what is -3 + -70b5da?
-70b5dd
In base 15, what is -104979 - 5?
-10497e
In base 10, what is -22568 - 871?
-23439
In base 7, what is 2 + -13602621?
-13602616
In base 7, what is -45352 + 21561?
-23461
In base 3, what is 2120111111 + -222202?
2112111202
In base 4, what is -13 + -10030013013?
-10030013032
In base 14, what is 2b5 + -4619c?
-45cc7
In base 5, what is -13223 + 1023140?
1004412
In base 7, what is -5114 + -22063?
-30210
In base 7, what is -2053 + 55221?
53135
In base 4, what is 20023003 - -1212?
20030221
In base 5, what is 100211 - 10141303?
-10041042
In base 9, what is 374888 + -57?
374831
In base 2, what is 1000 - -1100110001101011100111?
1100110001101011101111
In base 12, what is 3547a2 + 9b?
354881
In base 16, what is -3946 - -536?
-3410
In base 11, what is 3763488 + -28?
3763460
In base 15, what is -81b + -156b?
-1d87
In base 14, what is c14 + 5647c?
57292
In base 13, what is b - 10aa24?
-10aa16
In base 16, what is -36e8e - 5?
-36e93
In base 4, what is -121212 + 1031102101?
1030320223
In base 5, what is 0 + 20003141111?
20003141111
In base 7, what is 660400 + -60?
660310
In base 12, what is -3 - -212974b?
2129748
In base 2, what is -10110 + 1100100000111111?
1100100000101001
In base 6, what is 2 - -40521550?
40521552
In base 2, what is -11001111001000111 + 10100110?
-11001110110100001
In base 4, what is 13 - -122011212332?
122011213011
In base 15, what is 340726e + 1?
3407270
In base 8, what is -61564 - -35175?
-24367
In base 5, what is -44001003404 - 2?
-44001003411
In base 16, what is 2 + -7245c36?
-7245c34
In base 10, what is -1075 + 6385?
5310
In base 9, what is 630403 - -134?
630537
In base 16, what is -48a9 - 150b?
-5db4
In base 15, what is 1 - 1544172?
-1544171
In base 4, what is -212210 - 12113300?
-12332110
In base 11, what is 269a714 - 141?
269a583
In base 16, what is 32 - b8855?
-b8823
In base 11, what is -7 + 9193597?
9193590
In base 12, what is -50 - 1b3415?
-1b3465
In base 6, what is -2141052 - -14?
-2141034
In base 15, what is -59c10 + -4?
-59c14
In base 14, what is 8a577c9 - 1?
8a577c8
In base 7, what is 5 - 4424050?
-4424042
In base 3, what is -1120010211120201 + 1?
-1120010211120200
In base 9, what is -2 - -55715682?
55715680
In base 4, what is 100102100001 - -2?
100102100003
In base 5, what is -4140402 + 20213?
-4120134
In base 7, what is -2240440 + 102?
-2240335
In base 6, what is -51 - -1012003324?
1012003233
In base 12, what is -216 + 71392a?
713714
In base 3, what is 12212222 - 11221111?
221111
In base 12, what is 7ab - 35a9?
-29ba
In base 11, what is 3784552 + 3?
3784555
In base 7, what is -21 - -234404526?
234404505
In base 15, what is -4c777 - 83?
-4c80a
In base 7, what is -531505 + 4561?
-523614
In base 11, what is 6 + -199494?
-199489
In base 6, what is -30 - -443413143?
443413113
In base 13, what is 5 + -719918?
-719913
In base 16, what is -14e - -3e78?
3d2a
In base 6, what is -141101423 - 1044?
-141102511
In base 3, what is 200021022 + 200122?
200221221
In base 16, what is -d77d + 2b?
-d752
In base 13, what is -5 - 23404b7?
-23404bc
In base 6, what is -1021140522 - 4?
-1021140530
In base 8, what is -234323301 - 0?
-234323301
In base 6, what is -34004 + -2101?
-40105
In base 16, what is 57a + -af5d2?
-af058
In base 10, what is -5 + 2282385?
2282380
In base 6, what is -2414541253 + -13?
-2414541310
In base 13, what is 10708 - 24?
106b4
In base 12, what is 7520 - -104b6?
17a16
In base 16, what is e82e8e7 - -4?
e82e8eb
In base 12, what is 7 + -1a4977?
-1a4970
In base 16, what is 71 + d0f0?
d161
In base 4, what is -121113232 - 20232?
-121200130
In base 15, what is ad6c3 + -2?
ad6c1
In base 14, what is -11120 - -230a?
-cc14
In base 14, what is -b + -372143?
-372150
In base 15, what is -88eb535 - -2?
-88eb533
In base 6, what is 4 - 10324311142?
-10324311134
In base 11, what is 4 + -2153841a?
-21538416
In base 8, what is -14205 - 2370?
-16575
In base 8, what is 3237 - -3315?
6554
In base 9, what is -104217 - -34?
-104173
In base 2, what is -1101 - -11111001101101010110111?
11111001101101010101010
In base 8, what is -40602060 - -15?
-40602043
In base 14, what is 69905 + 511?
6a016
In base 6, what is -241212305 - -5?
-241212300
In base 13, what is 0 + -2b26bb2?
-2b26bb2
In base 8, what is 150 - -5371375?
5371545
In base 2, what is -1111001100111010010000000011 + 10?
-1111001100111010010000000001
In base 10, what is 0 - -30800700?
30800700
In base 9, what is 2007 + 223034?
225042
In base 12, what is -1b3ba7 + 115?
-1b3a92
In base 13, what is -15a + -507?
-664
In base 11, what is 16a + 346087?
346246
In base 5, what is 430442044 - 10?
430442034
In base 4, what is 1110313 - -120033?
1231012
In base 11, what is -a371555a - -1?
-a3715559
In base 2, what is 1001100 - 10010110010111010101?
-10010110010110001001
In base 6, what is 330 - -3004245?
3005015
In base 11, what is -2 + -8455078?
-845507a
In base 8, what is 201116276 + 2?
201116300
In base 9, what is -42 - 1801662?
-1801714
In base 13, what is 296 - 19b187?
-19abc1
In base 4, what is 22 + 1033332331?
1033333013
In base 4, what is 103230003 + 221111?
110111120
In base 3, what is 1202221202 - -10101011?
1220022220
In base 10, what is 1752941 - -11?
1752952
In base 11, what is 3 + -2116589?
-2116586
In base 5, what is 442124340 - 21?
442124314
In base 2, what is 100001011 + -100001001110?
-11101000011
In base 2, what is 1101010 - 10011110001111100100101?
-10011110001111010111011
In base 14, what is 618 + -77?
581
In base 13, what is 4 - -42b85734?
42b85738
In base 8, what is 2664 - -7103?
11767
In base 9, what is 34108 - 13786?
20212
In base 15, what is -528217 - 1?
-528218
In base 13, what is 380 + 10232?
105b2
In base 13, what is 29 + 85c94?
85cc0
In base 16, what is -53fbeb8a - -5?
-53fbeb85
In base 12, what is -3a58942 + 4?
-3a5893a
In base 6, what is 0 - 3312501043?
-3312501043
In base 3, what is 112 - 22010201211001?
-22010201210112
In base 3, what is -22 + -1200012202021?
-1200012202120
In base 2, what is -10111000 - -1111101101?
1100110101
In base 5, what is 3103444 - 1043?
3102401
In base 8, what is 5 - -11174313?
11174320
In base 13, what is 4c3912 + -1a?
4c38c5
In base 5, what is 10123303124 - 3?
10123303121
In base 3, what is 10 + -1011022111111?
-1011022111101
In base 15, what is 324e + -2da?
2e64
In base 10, what is -3122697 + -1?
-3122698
In base 10, what is 36 - -35610?
35646
In base 4, what is -113312021 + -112?
-113312133
In base 4, what is 12 - -